d derivative of -f**5/20 - f**4/3 - 4*f**3/3 - 11*f**2/2 - f - 740. What is s(-5)?
54
Let w(i) = -5*i - 22. Let r(b) = 11*b + 37. Let v(k) = 4*r(k) + 9*w(k). Give v(-27).
-23
Let i(j) be the second derivative of j**3 + 23*j**2/2 + 279*j. Give i(-4).
-1
Let v(h) = 2*h**3 - 38*h**2 - 20*h - 26. Let g(l) = -l**3 + 17*l**2 + 9*l + 12. Let f(b) = 13*g(b) + 6*v(b). What is f(-7)?
21
Let a(z) = -7 + 75*z**2 - 153*z**2 + 3*z + 77*z**2 - 11*z. Let w be a(-7). Suppose w = 4*r - 10*r - 12. Let b(s) = 3*s + 2. Give b(r).
-4
Let p(o) be the third derivative of -o**6/120 - o**5/12 - o**4/24 - o**3/2 + 13*o**2 - 2*o. Let s be (-5 - -5)*1/(-3). Suppose s = 2*d + 10. Determine p(d).
2
Let b(a) = a**2 - 49*a + 187. Suppose -61*k - 4*m = -59*k - 70, -2*m + 80 = 2*k. Calculate b(k).
7
Let s(r) be the second derivative of -r**3/2 + r**2/2 - r. Suppose 0 = 2*x + 2*n - 6, -11*x - 18 = -17*x + 3*n. Give s(x).
-8
Let v(g) = 19*g - 8. Let p(w) = -552*w + 230. Let b(k) = 4*p(k) + 115*v(k). Calculate b(-3).
69
Let g(h) = -h**2 + h + 2. Let a = 17 - 12. Suppose -22*b - 5 = -a. Determine g(b).
2
Suppose 47*c = 49*c + 3*y + 7, 0 = -c + y + 14. Let j(g) = -3*g**2 + 29*g - 24. What is j(c)?
32
Let k = 767/5 + -1529/10. Let f(o) be the second derivative of 15*o - k*o**2 + 1/12*o**4 + 0 - 7/6*o**3. Determine f(6).
-7
Let z(r) = -41*r - 151. Let b be z(-5). Suppose 12*q = 21*q - b. Let d(i) = 0*i**2 + 6*i + 0 - i**2 + 0 + 5. Determine d(q).
5
Suppose 5*p = -5*f + 6*f + 1, -2*p = -f + 2. Let s(k) = -7 + 1 - 3*k + 4*k + 2 - f*k**2 + 5*k**2. Determine s(0).
-4
Let t(r) = -20*r**2 + r + 25. Let o(n) = -13*n**2 + 25. Let h(j) = 3*o(j) - 2*t(j). Determine h(0).
25
Let c(i) = 2*i + 1. Suppose 0 = -54*u + 95 + 67. Determine c(u).
7
Let g(v) = -v**2 + 7*v + 15. Let h = 5254 + -5247. Give g(h).
15
Suppose 0 = -3*s + 4 - 31. Let z = s + 9. Let n(d) be the second derivative of -d**3/6 - d**2/2 - 5*d. Calculate n(z).
-1
Let z(q) = 11*q - 2 - 12*q**2 + 0*q**2 + 8*q**2 + 0*q. Calculate z(4).
-22
Let d(g) = -7*g. Let o(x) = x + 4. Let b be o(1). Suppose -b*f + 42 = 2*f. Let y(n) = -n + 1. Let s(t) = f*y(t) - d(t). What is s(-5)?
1
Let h(t) = t**2 - 25*t + 26. Let s be h(22). Let y = s - -78. Suppose 0 = 9*x + y + 16. Let d(u) = -u**2 - 6*u. Determine d(x).
0
Let g(s) = -16*s + 56*s - 23*s - s**2 - 19*s + 13. Give g(-10).
-67
Suppose 100 = 16*q - 21*q. Let l be -8 - q/(0 - 5). Let s(x) = -x**2 - 12*x + 14. Calculate s(l).
14
Let i(b) be the second derivative of -b**6/240 - b**5/60 - 21*b**4 - 320*b. Let n(p) be the third derivative of i(p). Calculate n(-10).
28
Suppose -9*y + 221 = -130. Let p = y - 37. Let i(q) = q**3 - q**2 - 3*q**p + 20*q - 17*q - 3 + 5. Determine i(3).
2
Let c(n) = -n**3 + 0*n - 90983 + 6*n - 8*n**2 + 91038. Determine c(-8).
7
Let s(d) = -d**2 + 3*d - 1. Let q(z) = z - 2. Let k be q(-3). Let t be 17/5 + (0 - 3/k). Determine s(t).
-5
Let r(q) = -q**3 - 5*q**2 - 4*q + 4. Let p be r(-4). Suppose -2 = 4*g - 10. Let t(w) = 128*w + 1 + 5 - 3*w**g - 131*w + w**3. What is t(p)?
10
Let i(c) = 69*c - 3. Let v(y) = -155*y + 5. Let q(s) = 9*i(s) + 4*v(s). Calculate q(-15).
-22
Let n(d) be the second derivative of 0 - 1/12*d**4 - d**3 - 5*d - 3/2*d**2. Let h = -5680 - -5676. Calculate n(h).
5
Let j(p) = -17*p**2 - 1. Let l = 62 + 80. Suppose -148 = 6*y - l. Determine j(y).
-18
Let o(d) be the first derivative of d**3/3 - 6*d**2 - 18*d + 3215. Give o(12).
-18
Let s(h) = 16*h**3 + h**2 + h - 1. Suppose -34*r + 67 = -103. Suppose -o - r*j = 19, 5*j + 33 - 15 = -2*o. What is s(o)?
17
Let r(i) = -i**3 + 25*i**2 - 51*i + 101. Suppose 6365 = 194*q + 177*q - 2168. What is r(q)?
-14
Let k be 16/6*(-15)/(-20). Suppose 0 = 2*u - k*r - 228, r + 3 - 2 = 0. Let i(z) = u*z - z**2 - 8*z**2 - 123*z - z**3. Determine i(-7).
-28
Let a(l) be the second derivative of -l**3/2 - 4*l**2 + 2*l. Let b(s) = -4*s - 9. Suppose -40*k - 221 = -21. Let z(y) = k*a(y) + 4*b(y). Determine z(6).
-2
Let o be 5 - 15*2/6*1. Let j(v) = 18*v - v**3 - 36*v + 1 + 3*v**2 + 17*v. Determine j(o).
1
Let c(y) be the third derivative of y**5/60 - y**4/12 - 4*y**3/3 - 1098*y**2. What is c(-4)?
16
Let b(t) = 75*t + 207. Let n(p) = -65*p - 206. Let q(y) = -5*b(y) - 6*n(y). Calculate q(-13).
6
Let g(s) be the first derivative of -5*s**4/2 + 2*s**3/3 + 2*s**2 + 8*s + 3475. Calculate g(-2).
88
Let w(k) = 3*k**2 + 2*k + 1. Let q = 33 + -50. Let x(y) = -y**2 - 15*y + 1. Let z be x(q). Let m = -34 - z. What is w(m)?
2
Suppose 0 = 5*f - 476 + 166. Let y(v) = 63*v**3 + 3*v - 4*v**2 - 2*v - 6*v + 1 - f*v**3. Suppose 2*c = l - 11, -1 = l + c + c. Determine y(l).
1
Let h = -17 - -12. Let u be (-1)/(-2)*(h + (-358)/(-2)). Let p = u - 92. Let c(o) = -o**3 - 4*o**2 + 5*o - 5. Determine c(p).
-5
Let n(u) = -5*u**3 - 2*u**2 - 9*u - 14. Let l be n(-4). Let h = l - 180. Let q = h - 131. Let y(s) = -3*s**3 + s. Calculate y(q).
2
Suppose -3 - 6 = -9*n. Suppose -4*s - 2*m = m - n, 1 = -4*s - 5*m. Let f(j) = 4*j**3 - 2*j**2 + 2*j - 1. Calculate f(s).
3
Let c(v) be the second derivative of -v**5/10 + v**4/6 + v**3/2 - 4*v**2 + 4401*v. Give c(2).
-10
Let h = 1899 - 1881. Let w(c) = -2*c + 34. Calculate w(h).
-2
Let d(a) = 9*a - 38. Suppose 0 = -5*y - 2*t + 33 - 2, -y - 10 = -5*t. What is d(y)?
7
Let z(w) = w**3. Let q(f) = f**3 - f**2 + 2*f + 5. Suppose -7*t - 4 = 10. Let d(i) = t*z(i) + q(i). What is d(0)?
5
Suppose -3*k = -5*k, -3*o = -k - 111. Let g = o + -11. Let q = 22 - g. Let r(c) = -c**3 - 4*c**2 + 3*c + 4. Determine r(q).
-8
Let n(t) = -t**3 - 25*t**2 + 185*t - 36. Let w be n(-31). Let u(c) be the third derivative of c**5/60 + c**4/6 + c**3/6 + c**2. Calculate u(w).
6
Let z(p) = -5*p - 107. Let n be z(-22). Let d(c) = -6 + c**2 + c + 1 - 5 + 12 + c**n. Give d(-2).
-4
Let j(o) be the second derivative of 5*o**3/3 - o**2 + o. Suppose 39*p - 468 + 225 = -4*h, 0 = -2*p + 5*h - 50. Give j(p).
48
Suppose 0 = 10*m + 59 - 29. Let d(i) = -23*i**2 - 14*i**2 + i - 2 + 39*i**2. What is d(m)?
13
Let i(m) = 2*m**2 - 5*m + 4. Let k = -25 + -8. Let j = 66 + k. Suppose 9 - j = -8*s. Calculate i(s).
7
Let v be -4*-3*(-221)/204. Let q(o) = -o**3 - 14*o**2 - 14*o - 29. Calculate q(v).
-16
Let k(l) = l + 6. Let g be k(3). Let c be -2 - (-1 - (4 - g)). Let m(h) = 27 - 55 + 10 + 3*h + 26. Give m(c).
-10
Let n(d) = d + 0 - 3 - 3 - 1. Let a(m) = -m - 5. Let t be a(5). Determine n(t).
-17
Suppose -15*v = 1461 - 1221. Let s(b) = -b - 9. Let x(k) = -k - 9. Let f(l) = 4*s(l) - 3*x(l). Give f(v).
7
Let u(m) = m + 1. Suppose -12 = -3*y - 0. Suppose 0 = -3*b - y*v - 11, 0 = 4*b + 4*v - 0*v + 8. Let d(c) = -2*c + 2. Let h be d(b). Determine u(h).
-3
Let q(i) = -3 + 648*i + 634*i - 1281*i. Give q(5).
2
Let w = 19 + -7. Let s be w/30 + (-2)/5. Suppose s = t + 1, -3*a + 2*t = 28. Let q(r) = -r - 11. Calculate q(a).
-1
Suppose -2*y + 8 = -y - o, 0 = -y + 3*o + 16. Suppose -y*p = -3*p. Let f(i) = -i + 1 - i**2 + 5 + i**2 + i**2. What is f(p)?
6
Let k(z) = -6*z**3 + 4*z**2 + 11. Let p(h) = -5*h**3 + 3*h**2 + h + 9. Let f(t) = -3*k(t) + 4*p(t). Let r be 2/4*(3 - 7). What is f(r)?
11
Let w(d) = 14*d + 62. Let h be w(-4). Suppose 0 = h*x - 7*x + l, 4*x - 5*l = -1. Let u(a) = -13*a + 1. Determine u(x).
-12
Let h(w) be the third derivative of w**6/120 - 13*w**5/20 + 37*w**4/24 + 85*w**3/6 - 8*w**2 + 2*w - 24. Give h(38).
47
Let b(k) = k**2 + 6*k + 12. Let x be b(-5). Suppose -50 = -x*i + 2*i. Let m(a) = -5*a**2 - a**3 + 18*a - 2*a - i*a + 9 + 0*a**3. Calculate m(-6).
9
Let x(b) = 2*b**2 + 139 - 14*b - 5 - 104. What is x(4)?
6
Suppose -14*a + 34 = 6. Let l(j) = 5*j**2 - 6*j - 5*j + a*j - 6*j**2 + 2 + 0. Give l(-9).
2
Suppose -3*w = -8 + 32. Let x(s) = 4*s**2. Let z(o) = -21*o**2 - 6*o. Let b(f) = 5*x(f) + z(f). Calculate b(w).
-16
Let o(k) = -k**2 + 10*k - 19. Let f be o(7). Let s be f/4 + 99/22. Suppose t = s, -p + 0*t = 4*t - 26. Let y(x) = -x**2 + 9*x - 7. What is y(p)?
11
Suppose 0 = 5*p + 15, 0 = 2*j - 4*p - 4 - 16. Suppose 4*m + j*s + 62 = -62, -3*m - 4*s - 97 = 0. Let v = 26 + m. Let f(h) = -5*h. Give f(v).
5
Let t(p) = -4*p + 137. Suppose -25*d = 12*d + 9*d - 1380. Determine t(d).
17
Let v(w) be the second derivative of w**6/20 - w**5/30 - w**4/12 - w**3/6 + 3*w**2/2 - 8*w. Let h(a) be the first derivative of v(a). Determine h(-1).
-7
Let w(r) = 5 + 28*r**2 - 86*r**2 + r**3 + 57*r**2.